{"id":2203,"date":"2025-09-24T10:29:14","date_gmt":"2025-09-24T07:29:14","guid":{"rendered":"https:\/\/www.cexbh.ro\/?page_id=2203"},"modified":"2025-11-23T12:43:13","modified_gmt":"2025-11-23T09:43:13","slug":"informatii-elevi","status":"publish","type":"page","link":"https:\/\/cexbh.ro\/?page_id=2203","title":{"rendered":"Informa\u021bii elevi"},"content":{"rendered":"\n<p class=\"has-medium-font-size\"><a href=\"http:\/\/cexbh.ro\/wp-content\/uploads\/2025\/10\/acord-elevi-minori.docx\">Acord elevi minori<\/a><\/p>\n\n\n\n<p class=\"has-medium-font-size\"><a href=\"https:\/\/www.cexbh.ro\/wp-content\/uploads\/2025\/10\/acord-elevi-majori.docx\">Acord elevi majori<\/a><\/p>\n\n\n\n<p class=\"has-medium-font-size\">Orar 2025-2026<\/p>\n\n\n\n<figure class=\"wp-block-table alignleft is-style-stripes\"><table class=\"has-fixed-layout\"><tbody><tr><td class=\"has-text-align-center\" data-align=\"center\"><strong>Denumirea grupei<\/strong><\/td><td><strong>Ziua\/Ora  cursului<\/strong><\/td><td><strong>Data primului curs<\/strong><\/td><td><strong>Loca\u021bie<\/strong><\/td><td><strong>Coordonator<\/strong><\/td><\/tr><tr><td class=\"has-text-align-center\" data-align=\"center\">Biologie, Ale\u015fd &#8211; clasa a 9-a, limba rom\u00e2n\u0103<\/td><td>Mar\u021bi\/13:30<\/td><td>10.10.2025<\/td><td>Liceul Teoretic \u201eConstantin \u0218erban\u201d, Ale\u0219d<\/td><td>Cazan Anca<\/td><\/tr><tr><td class=\"has-text-align-center\" data-align=\"center\">Biologie, Ale\u015fd &#8211; clasa a 10-a, limba rom\u00e2n\u0103<\/td><td>Joi\/13:00<\/td><td>10.10.2025<\/td><td>Liceul Teoretic \u201eConstantin \u0218erban\u201d, Ale\u0219d<\/td><td>Micula Monica<\/td><\/tr><tr><td class=\"has-text-align-center\" data-align=\"center\">Biologie, Ale\u015fd &#8211; clasa a 11-a, limba rom\u00e2n\u0103<\/td><td>Joi\/13:30<\/td><td>09.10.2025<\/td><td>Liceul Teoretic \u201eConstantin \u0218erban\u201d, Ale\u0219d<\/td><td>Cazan Anca<\/td><\/tr><tr><td class=\"has-text-align-center\" data-align=\"center\">Biologie, Oradea &#8211; clasa a 9-a, limba rom\u00e2n\u0103<\/td><td>Luni\/15:00<\/td><td>03.11.2025<\/td><td>Colegiul Na\u021bional \u201eEmanuil Gojdu\u201d, Oradea<\/td><td>Hodi\u0219an Mirela<\/td><\/tr><tr><td class=\"has-text-align-center\" data-align=\"center\">Biologie, Oradea &#8211; clasa a 10-a, limba rom\u00e2n\u0103<\/td><td>Miercuri\/14:30<\/td><td>08.10.2025<\/td><td>Colegiul Na\u021bional \u201eEmanuil Gojdu\u201d, Oradea<\/td><td>Citrea Lumini\u021ba<\/td><\/tr><tr><td class=\"has-text-align-center\" data-align=\"center\">Biologie, Oradea &#8211; clasa a 11-a, limba rom\u00e2n\u0103<\/td><td>Miercuri\/ 15:00<\/td><td>08.10.2025<\/td><td>Colegiul Na\u021bional \u201eEmanuil Gojdu\u201d, Oradea<\/td><td>Zb\u00e2rcea Claudia<\/td><\/tr><tr><td class=\"has-text-align-center\" data-align=\"center\">Chimie, Oradea &#8211; clasa a 7-a, limba rom\u00e2n\u0103<\/td><td>Vineri\/14:00<\/td><td>10.10.2025<\/td><td>Colegiul Na\u021bional \u201eMihai Eminescu\u201d, Oradea<\/td><td>Ple\u0219a Bogdan<\/td><\/tr><tr><td class=\"has-text-align-center\" data-align=\"center\">Chimie, Oradea &#8211; clasa a 8-a, limba rom\u00e2n\u0103<\/td><td>Luni\/17:30<\/td><td>06.10.2025<\/td><td>Colegiul Na\u021bional \u201eMihai Eminescu\u201d, Oradea<\/td><td>Ple\u0219a Bogdan<\/td><\/tr><tr><td class=\"has-text-align-center\" data-align=\"center\">Chimie, Oradea &#8211; clasa a 9-a, limba rom\u00e2n\u0103<\/td><td>Vineri\/14:00<\/td><td>10.10.2025<\/td><td>Colegiul Na\u021bional \u201eMihai Eminescu\u201d, Oradea<\/td><td>Groze Alina<\/td><\/tr><tr><td class=\"has-text-align-center\" data-align=\"center\">Chimie, Oradea &#8211; clasa a 10-a, limba rom\u00e2n\u0103<\/td><td>Vineri\/14:30<\/td><td>10.10.2025<\/td><td>Colegiul Na\u021bional \u201eMihai Eminescu\u201d, Oradea<\/td><td>Bondor Gabriela<\/td><\/tr><tr><td class=\"has-text-align-center\" data-align=\"center\">Geografie, Oradea &#8211; clasa a 9-a, limba rom\u00e2n\u0103<\/td><td>Luni\/14:30<\/td><td>06.10.2025<\/td><td>Colegiul Na\u021bional \u201eEmanuil Gojdu\u201d, Oradea<\/td><td>Timofte Camelia<\/td><\/tr><tr><td class=\"has-text-align-center\" data-align=\"center\">Geografie, Oradea &#8211; clasa a 10-a, limba rom\u00e2n\u0103<\/td><td>Luni\/14:30<\/td><td>06.10.2025<\/td><td>Colegiul Na\u021bional \u201eEmanuil Gojdu\u201d, Oradea<\/td><td>Iova Dorina<\/td><\/tr><tr><td class=\"has-text-align-center\" data-align=\"center\">Geografie, Oradea &#8211; clasa a 11-a, limba rom\u00e2n\u0103<\/td><td>Miercuri\/14:30<\/td><td>08.10.2025<\/td><td>Colegiul Na\u021bional \u201eEmanuil Gojdu\u201d, Oradea<\/td><td>Gabrian Viorela<\/td><\/tr><tr><td class=\"has-text-align-center\" data-align=\"center\">Geografie, Oradea &#8211; clasa a 12-a, limba rom\u00e2n\u0103<\/td><td>Miercuri\/14:00<\/td><td>08.10.2025<\/td><td>Colegiul Na\u021bional \u201eIosif Vulcan\u201d, Oradea<\/td><td>Mihinc\u0103u Dana<\/td><\/tr><tr><td class=\"has-text-align-center\" data-align=\"center\">Geografie, Hibrid(Oradea) &#8211; clasa a 8-a, limba rom\u00e2n\u0103<\/td><td>Vineri\/16:00<\/td><td>10.10.2025<\/td><td>Online\/Colegiul Na\u021bional \u201eMihai Eminescu\u201d, Oradea<\/td><td>Biri\u0219 Mihaela Simona<\/td><\/tr><tr><td class=\"has-text-align-center\" data-align=\"center\">Informatic\u0103, Oradea &#8211; clasa a 5-a, limba rom\u00e2n\u0103<\/td><td>Joi\/15:30<\/td><td>09.10.2025<\/td><td>Colegiul Na\u021bional \u201eEmanuil Gojdu\u201d, Oradea<\/td><td>Cora\u0219 Zenovia-Mirela<\/td><\/tr><tr><td class=\"has-text-align-center\" data-align=\"center\">Informatic\u0103, Oradea &#8211; clasa a 6-a, limba rom\u00e2n\u0103<\/td><td>Vineri\/14:30<\/td><td>03.10.2025<\/td><td>Colegiul Na\u021bional \u201eEmanuil Gojdu\u201d, Oradea<\/td><td>Rotar Mircea<\/td><\/tr><tr><td class=\"has-text-align-center\" data-align=\"center\">Informatic\u0103, Oradea &#8211; clasele 7,8, limba rom\u00e2n\u0103<\/td><td>Marti\/15:00<\/td><td>07.10.2025<\/td><td>\u0218coala Gimnazial\u0103 \u201eOltea Doamna\u201d, Oradea<\/td><td>Chi\u0219iu Dan<\/td><\/tr><tr><td class=\"has-text-align-center\" data-align=\"center\">Limba englez\u0103, Oradea &#8211; clasa a 9-a<\/td><td>Joi\/15:00<\/td><td>9.10.2025<\/td><td>Colegiul Na\u021bional \u201eEmanuil Gojdu\u201d, Oradea<\/td><td>Anca Marchi\u0219, Prodescu Mihaela<\/td><\/tr><tr><td class=\"has-text-align-center\" data-align=\"center\">Limba englez\u0103, Oradea &#8211; clasa a 10-a<\/td><td>Miercuri\/15:00<\/td><td>08.10.2025<\/td><td>Colegiul Na\u021bional \u201eEmanuil Gojdu\u201d, Oradea<\/td><td>Porumb Camelia<\/td><\/tr><tr><td class=\"has-text-align-center\" data-align=\"center\">Limba englez\u0103, Oradea &#8211; clasa a 11-a<\/td><td>Joi\/15:00<\/td><td>09.10.2025<\/td><td>Colegiul Na\u021bional \u201eMihai Eminescu\u201d, Oradea<\/td><td>Ardelean Liliana, Polasec Florina<\/td><\/tr><tr><td class=\"has-text-align-center\" data-align=\"center\">Limba englez\u0103, Oradea &#8211; clasa a 6-a<\/td><td>Miercuri\/14:30<\/td><td>15.10.2025<\/td><td>Colegiul Na\u021bional \u201eEmanuil Gojdu\u201d, Oradea<\/td><td>Chelariu Estera<\/td><\/tr><tr><td class=\"has-text-align-center\" data-align=\"center\">Limba englez\u0103, Oradea &#8211; clasa a 7-a<\/td><td>Luni\/15:00<\/td><td>06.10.2025<\/td><td>Colegiul Na\u021bional \u201eMihai Eminescu\u201d, Oradea<\/td><td>Bala Georgia<\/td><\/tr><tr><td class=\"has-text-align-center\" data-align=\"center\">Limba englez\u0103, Oradea &#8211; clasa a 8-a<\/td><td>Miercuri\/14:30<\/td><td>08.10.2025<\/td><td>Colegiul Na\u021bional \u201eMihai Eminescu\u201d, Oradea<\/td><td>Bala Georgia<\/td><\/tr><tr><td class=\"has-text-align-center\" data-align=\"center\">Matematic\u0103, Marghita &#8211; clasa a 5-6-a, limba maghiar\u0103<\/td><td>Miercuri\/16:00<\/td><td>10.10.2025.<\/td><td>Liceul Teoretic \u201eHorv\u00e1th J\u00e1nos\u201d, Marghita<\/td><td>Hodgyai Edit<\/td><\/tr><tr><td class=\"has-text-align-center\" data-align=\"center\">Matematic\u0103, Marghita &#8211; clasele 7-8, limba maghiar\u0103<\/td><td>Miercuri\/17:00<\/td><td>10.09.2025.<\/td><td>Liceul Teoretic \u201eHorv\u00e1th J\u00e1nos\u201d, Marghita<\/td><td>Hodgyai Edit<\/td><\/tr><tr><td class=\"has-text-align-center\" data-align=\"center\">Matematic\u0103, Oradea &#8211; clasa a 5-a, limba maghiar\u0103<\/td><td>Luni\/14:30<\/td><td>10.09.2025.<\/td><td>Liceul Reformat \u201eLor\u00e1ntffy Zsuzsanna\u201d, Oradea<\/td><td>Zsiros Anik\u00f3<\/td><\/tr><tr><td class=\"has-text-align-center\" data-align=\"center\">Matematic\u0103, Oradea &#8211; clasa a 7-a, limba maghiar\u0103<\/td><td>Miercuri\/15:10<\/td><td>8.10.2025<\/td><td>Liceul Reformat \u201eLor\u00e1ntffy Zsuzsanna\u201d, Oradea<\/td><td>G\u00e1l Ildik\u00f3<\/td><\/tr><tr><td class=\"has-text-align-center\" data-align=\"center\">Matematic\u0103, Oradea &#8211; clasa a 10-a, limba maghiar\u0103<\/td><td>Joi\/14:30<\/td><td>02.10.2025<\/td><td>Liceul Teoretic \u201eAdy Endre\u201d, Oradea<\/td><td>Bodi Janos<\/td><\/tr><tr><td class=\"has-text-align-center\" data-align=\"center\">Matematic\u0103, Oradea &#8211; clasa a 12-a, limba maghiar\u0103<\/td><td>Joi\/15:30<\/td><td>02.10.2025<\/td><td>Liceul Teoretic \u201eAdy Endre\u201d, Oradea<\/td><td>Bodi Janos<\/td><\/tr><tr><td class=\"has-text-align-center\" data-align=\"center\">Matematic\u0103, Oradea &#8211; clasa a 3-a, limba rom\u00e2n\u0103<\/td><td>Luni\/16:30<\/td><td>13.10.2025<\/td><td>Colegiul Na\u021bional \u201eEmanuil Gojdu\u201d, Oradea<\/td><td>Huszar Ioana-Daniela, Panti\u0219 Alexandra<\/td><\/tr><tr><td class=\"has-text-align-center\" data-align=\"center\">Matematic\u0103, Oradea &#8211; clasa a 4-a, limba rom\u00e2n\u0103, Grupa 1<\/td><td>Luni\/16:30<\/td><td>13.10.2025<\/td><td>Colegiul Na\u021bional \u201eEmanuil Gojdu\u201d, Oradea<\/td><td>Huszar Ioana-Daniela, Rusu Carmen<\/td><\/tr><tr><td class=\"has-text-align-center\" data-align=\"center\">Matematic\u0103, Oradea &#8211; clasa a 4-a, limba rom\u00e2n\u0103, grupa 2<\/td><td>Luni\/18:00<\/td><td>13.10.2025<\/td><td>Colegiul Na\u021bional \u201eEmanuil Gojdu\u201d, Oradea<\/td><td>Huszar Ioana-Daniela, Rusu Carmen<\/td><\/tr><tr><td class=\"has-text-align-center\" data-align=\"center\">Matematic\u0103, Oradea &#8211; clasa a 5-a, limba rom\u00e2n\u0103<\/td><td>Luni\/15:00<\/td><td>13.10.2025<\/td><td>Colegiul Na\u021bional \u201eEmanuil Gojdu\u201d, Oradea<\/td><td>Rusu Carmen, Panti\u0219 Alexandra<\/td><\/tr><tr><td class=\"has-text-align-center\" data-align=\"center\">Matematic\u0103, Oradea &#8211; clasa a 6-a, limba rom\u00e2n\u0103<\/td><td>S\u00e2mb\u0103ta\/11:00<\/td><td>18.10.2025<\/td><td>Colegiul Na\u021bional \u201eEmanuil Gojdu\u201d, Oradea<\/td><td>Faur Patricia<\/td><\/tr><tr><td class=\"has-text-align-center\" data-align=\"center\">Matematic\u0103, Hibrid(Oradea) &#8211; clasa a 7-a, limba rom\u00e2n\u0103<\/td><td>Luni\/16:00<\/td><td>13.10.2025<\/td><td>Colegiul Na\u021bional \u201eEmanuil Gojdu\u201d, Oradea<\/td><td>Chi\u0219iu Gabriela<\/td><\/tr><tr><td class=\"has-text-align-center\" data-align=\"center\">Matematic\u0103, Hibrid(Oradea) &#8211; clasa a 8-a, limba rom\u00e2n\u0103<\/td><td>S\u00e2mb\u0103ta\/11:00<\/td><td>18.10.2025<\/td><td>Colegiul Na\u021bional \u201eEmanuil Gojdu\u201d, Oradea<\/td><td>Chi\u0219iu Gabriela<\/td><\/tr><tr><td class=\"has-text-align-center\" data-align=\"center\">Limba \u0219i literatura rom\u00e2n\u0103, Oradea-clasa a 6-a<\/td><td>Luni\/14:30<\/td><td>03.11.2025<\/td><td>\u0218coala Gimnazial\u0103 \u201eOltea Doamna\u201d, Oradea<\/td><td>Trempe Ioana<\/td><\/tr><tr><td class=\"has-text-align-center\" data-align=\"center\">Limba \u0219i literatura rom\u00e2n\u0103, Oradea-clasa a 7-a<\/td><td>Joi\/15:30<\/td><td>06.11.2025<\/td><td>\u0218coala Gimnazial\u0103 \u201eOltea Doamna\u201d, Oradea<\/td><td>P\u0103durean Andreea<\/td><\/tr><\/tbody><\/table><\/figure>\n","protected":false},"excerpt":{"rendered":"<p>Acord elevi minori Acord elevi majori Orar 2025-2026 Denumirea grupei Ziua\/Ora cursului Data primului curs Loca\u021bie Coordonator Biologie, Ale\u015fd &#8211; clasa a 9-a, limba rom\u00e2n\u0103 Mar\u021bi\/13:30 10.10.2025 Liceul Teoretic \u201eConstantin \u0218erban\u201d, Ale\u0219d Cazan Anca Biologie, Ale\u015fd &#8211; clasa a 10-a, limba rom\u00e2n\u0103 Joi\/13:00 10.10.2025 Liceul Teoretic \u201eConstantin \u0218erban\u201d, Ale\u0219d Micula Monica Biologie, Ale\u015fd &#8211; clasa&#8230;<\/p>\n<p class=\"more-link\"><a href=\"https:\/\/cexbh.ro\/?page_id=2203\"><span>Read More<\/span><i>&#43;<\/i><\/a><\/p>\n","protected":false},"author":1,"featured_media":0,"parent":0,"menu_order":0,"comment_status":"closed","ping_status":"closed","template":"","meta":{"footnotes":""},"class_list":["post-2203","page","type-page","status-publish","hentry"],"_links":{"self":[{"href":"https:\/\/cexbh.ro\/index.php?rest_route=\/wp\/v2\/pages\/2203"}],"collection":[{"href":"https:\/\/cexbh.ro\/index.php?rest_route=\/wp\/v2\/pages"}],"about":[{"href":"https:\/\/cexbh.ro\/index.php?rest_route=\/wp\/v2\/types\/page"}],"author":[{"embeddable":true,"href":"https:\/\/cexbh.ro\/index.php?rest_route=\/wp\/v2\/users\/1"}],"replies":[{"embeddable":true,"href":"https:\/\/cexbh.ro\/index.php?rest_route=%2Fwp%2Fv2%2Fcomments&post=2203"}],"version-history":[{"count":18,"href":"https:\/\/cexbh.ro\/index.php?rest_route=\/wp\/v2\/pages\/2203\/revisions"}],"predecessor-version":[{"id":2302,"href":"https:\/\/cexbh.ro\/index.php?rest_route=\/wp\/v2\/pages\/2203\/revisions\/2302"}],"wp:attachment":[{"href":"https:\/\/cexbh.ro\/index.php?rest_route=%2Fwp%2Fv2%2Fmedia&parent=2203"}],"curies":[{"name":"wp","href":"https:\/\/api.w.org\/{rel}","templated":true}]}}