{"id":1136,"date":"2022-07-27T12:02:21","date_gmt":"2022-07-27T09:02:21","guid":{"rendered":"http:\/\/cexbh.ro\/?page_id=1136"},"modified":"2025-05-10T16:21:00","modified_gmt":"2025-05-10T13:21:00","slug":"sustine-excelenta","status":"publish","type":"page","link":"https:\/\/cexbh.ro\/?page_id=1136","title":{"rendered":"Concursul \u201dViorel Sadoveanu\u201d"},"content":{"rendered":"\n<hr class=\"wp-block-separator has-alpha-channel-opacity\"\/>\n\n\n\n<p class=\"has-medium-font-size\"><strong>Concursul Jude\u021bean \u201dViorel Sadoveanu\u201d &#8211; edi\u021bia a IV- 2025<\/strong><\/p>\n\n\n\n<hr class=\"wp-block-separator has-alpha-channel-opacity\"\/>\n\n\n\n<p class=\"has-medium-font-size\"><strong>Afi\u0219area rezultatelor<\/strong><\/p>\n\n\n\n<p class=\"has-large-font-size\">Rezultate finale<\/p>\n\n\n\n<p><a href=\"http:\/\/cexbh.ro\/wp-content\/uploads\/2025\/05\/engleza_sadoveanu_rezultate_finale1.pdf\">Limba englez\u0103<\/a><\/p>\n\n\n\n<p><a href=\"https:\/\/cexbh.ro\/wp-content\/uploads\/2025\/05\/matematica_IV.pdf\" target=\"_blank\" rel=\"noreferrer noopener\">Matematic\u0103-clasa a IV-a<\/a><\/p>\n\n\n\n<p><a href=\"https:\/\/cexbh.ro\/wp-content\/uploads\/2025\/05\/matematica_final_V-XII.pdf\" target=\"_blank\" rel=\"noreferrer noopener\">Matematic\u0103<\/a><\/p>\n\n\n\n<p><a href=\"http:\/\/cexbh.ro\/wp-content\/uploads\/2025\/05\/Informatica_Rezultate_Liceu.pdf\">Informatic\u0103- liceu<\/a><\/p>\n\n\n\n<p><a href=\"http:\/\/cexbh.ro\/wp-content\/uploads\/2025\/05\/Informatica_Rezultate_Gimnaziu.pdf\">Informatic\u0103 &#8211; gimnaziu<\/a><\/p>\n\n\n\n<p><a href=\"http:\/\/cexbh.ro\/wp-content\/uploads\/2025\/05\/chimie.pdf\" target=\"_blank\" rel=\"noreferrer noopener\">Chimie<\/a><\/p>\n\n\n\n<p><a href=\"http:\/\/cexbh.ro\/wp-content\/uploads\/2025\/05\/biologie.pdf\">Biologie<\/a><\/p>\n\n\n\n<p><a href=\"https:\/\/cexbh.ro\/wp-content\/uploads\/2025\/05\/geografie.pdf\" target=\"_blank\" rel=\"noreferrer noopener\">Geografie<\/a><\/p>\n\n\n\n<p><a href=\"http:\/\/cexbh.ro\/wp-content\/uploads\/2025\/05\/fizica.pdf\">Fizic\u0103<\/a><\/p>\n\n\n\n<p class=\"has-large-font-size\">Rezultate ini\u021biale<\/p>\n\n\n\n<p><a href=\"https:\/\/cexbh.ro\/wp-content\/uploads\/2025\/05\/matematica_IV.pdf\" target=\"_blank\" rel=\"noreferrer noopener\">Matematic\u0103-clasa a IV-a<\/a><\/p>\n\n\n\n<p><a href=\"https:\/\/cexbh.ro\/wp-content\/uploads\/2025\/05\/matematica_V-XII.pdf\">Matematic\u0103<\/a><\/p>\n\n\n\n<p><a href=\"http:\/\/cexbh.ro\/wp-content\/uploads\/2025\/05\/chimie.pdf\" target=\"_blank\" rel=\"noreferrer noopener\">Chimie<\/a><\/p>\n\n\n\n<p><a href=\"https:\/\/cexbh.ro\/wp-content\/uploads\/2025\/05\/geografie.pdf\" target=\"_blank\" rel=\"noreferrer noopener\">Geografie<\/a><\/p>\n\n\n\n<p><a href=\"http:\/\/cexbh.ro\/wp-content\/uploads\/2025\/05\/biologie.pdf\">Biologie<\/a><\/p>\n\n\n\n<p><a href=\"http:\/\/cexbh.ro\/wp-content\/uploads\/2025\/05\/Informatica_Rezultate_Liceu.pdf\">Informatic\u0103- liceu<\/a><\/p>\n\n\n\n<p><a href=\"http:\/\/cexbh.ro\/wp-content\/uploads\/2025\/05\/Informatica_Rezultate_Gimnaziu.pdf\">Informatic\u0103 &#8211; gimnaziu<\/a><\/p>\n\n\n\n<p><a href=\"http:\/\/cexbh.ro\/wp-content\/uploads\/2025\/05\/fizica.pdf\">Fizic\u0103<\/a><\/p>\n\n\n\n<p><a href=\"https:\/\/cexbh.ro\/wp-content\/uploads\/2025\/05\/engleza_sadoveanu_rezultate1.pdf\">Limba englez\u0103<\/a><\/p>\n\n\n\n<pre class=\"wp-block-code has-vivid-cyan-blue-color has-text-color has-medium-font-size\"><code><strong>La fiecare sec\u021biune se acord\u0103:\n            - 1 premiu I *\n            - 1 premiu II *\n            - 1 premiu III *\n            - 25% men\u021biuni din nr. de elevi participan\u021bi prezen\u021bi. *\n\n *cu condi\u021bia ob\u021binerii unui punctaj de minim 30% din total.<\/strong>\n\nContesta\u021biile se depun la Colegiul Na\u021bional \u201dEmanuil Gojdu\u201d, \u00een intervalul orar 14:30-15:00 la etajul I, Camera 117.<\/code><\/pre>\n\n\n\n<p>Subiecte si bareme 10.05.2025<\/p>\n\n\n\n<p><a href=\"https:\/\/cexbh.ro\/wp-content\/uploads\/2025\/05\/Subiecte_Biologie_2025.pdf\" target=\"_blank\" rel=\"noreferrer noopener\">Biologie 2025<\/a><\/p>\n\n\n\n<p><a href=\"https:\/\/cexbh.ro\/wp-content\/uploads\/2025\/05\/Subiecte_Chimie_2025.pdf\" target=\"_blank\" rel=\"noreferrer noopener\">Chimie 2025<\/a><\/p>\n\n\n\n<p><a href=\"https:\/\/cexbh.ro\/wp-content\/uploads\/2025\/05\/Subiecte_Fizica_2025.pdf\" target=\"_blank\" rel=\"noreferrer noopener\">Fizica 2025<\/a><\/p>\n\n\n\n<p><a href=\"https:\/\/cexbh.ro\/wp-content\/uploads\/2025\/05\/Subiecte_Geografie_2025.pdf\" target=\"_blank\" rel=\"noreferrer noopener\">Geografie 2025<\/a><\/p>\n\n\n\n<p><a href=\"https:\/\/cexbh.ro\/wp-content\/uploads\/2025\/05\/Subiecte_Informatica_2025.pdf\" target=\"_blank\" rel=\"noreferrer noopener\">Informatica 2025<\/a><\/p>\n\n\n\n<p><a href=\"https:\/\/cexbh.ro\/wp-content\/uploads\/2025\/05\/Subiecte_Engleza_2025.pdf\" target=\"_blank\" rel=\"noreferrer noopener\">Limba Engleza 2025<\/a><\/p>\n\n\n\n<p><a href=\"https:\/\/cexbh.ro\/wp-content\/uploads\/2025\/05\/Subiecte_Matematica_2025.pdf\" target=\"_blank\" rel=\"noreferrer noopener\">Matematica 2025<\/a><\/p>\n\n\n\n<hr class=\"wp-block-separator has-alpha-channel-opacity\"\/>\n\n\n\n<p><a href=\"https:\/\/cexbh.ro\/wp-content\/uploads\/2025\/05\/repartitie_in_sali_complet.pdf\">Reparti\u021bia pe s\u0103li<\/a><\/p>\n\n\n\n<p class=\"has-medium-font-size\"><a href=\"https:\/\/cexbh.ro\/wp-content\/uploads\/2025\/05\/program.pdf\">PROGRAM<\/a><\/p>\n\n\n\n<figure class=\"wp-block-table\"><table class=\"has-fixed-layout\"><thead><tr><td><strong>Nr. Crt.<\/strong><\/td><td><strong>Activitatea<\/strong><\/td><td><strong>Termen<\/strong><\/td><\/tr><\/thead><tbody><tr><td><strong>1.<\/strong><\/td><td>\u00censcrierea elevilor care fac parte din grupele de excelen\u021b\u0103 ale CJEx Bihor \u0219i din programul \u201eHai la olimpiad\u0103!\u201d,se va realiza prin coordonatorii de grupe.<br>\ud83d\udd39 <em>Un elev se poate \u00eenscrie la concurs la o singur\u0103 disciplin\u0103.<\/em><\/td><td><strong>30.04 \u2013 05.05.2025<\/strong><\/td><\/tr><tr><td><strong>2.<\/strong><\/td><td>\u00censcrierea elevilor care <strong>nu fac parte din grupele de excelen\u021b\u0103<\/strong> CEX \u0219i HLO, dar <strong>s-au clasat pe primele 5 locuri la etapa jude\u021bean\u0103 a olimpiadei<\/strong> &nbsp;\u00een anul \u0219colar 2024\u20132025 (la disciplina la care se \u00eenscriu la concurs). \u00censcrierea se va realiza prin completarea formularelor corespunz\u0103toare disciplinelor \u0219i claselor pentru care se organizeaz\u0103 concursul:<br>\ud83d\udd39 <strong>Matematic\u0103 (clasele V\u2013XII)<\/strong> \u2013 <a href=\"https:\/\/docs.google.com\/forms\/d\/e\/1FAIpQLSdwCZTmXXM1Zr6pUlN65dphvIz-WzFo80OwwjBy5TTijnFCyg\/viewform?usp=dialog\">formular<\/a><br>\ud83d\udd39 <strong>Informatic\u0103 (clasele V\u2013XII)<\/strong> \u2013 <a href=\"https:\/\/docs.google.com\/forms\/d\/e\/1FAIpQLSdqRi5Ehtjf_TxEtRLwiCrfLQNfm6d1e_W3mwhcptg_JmQTUg\/viewform?usp=dialog\">formular<\/a><br>\ud83d\udd39 <strong>Chimie (clasele VII\u2013X)<\/strong> \u2013 <a href=\"https:\/\/docs.google.com\/forms\/d\/e\/1FAIpQLSfg2FjRW2LtVY1BXOr4nEtwGeoXVDpe_t5mEkI9Ngqpuxe4cg\/viewform?usp=dialog\">formular<\/a><br>\ud83d\udd39 <strong>Biologie (clasele IX\u2013XI)<\/strong> \u2013 <a href=\"https:\/\/docs.google.com\/forms\/d\/e\/1FAIpQLScGluM4Z3UvHpnq1y4fYJ6JLd6juDwMO-BIW17bPgbDQPB2ug\/viewform?usp=dialog\">formular<\/a><br>\ud83d\udd39 <strong>Geografie (clasele VIII\u2013XII)<\/strong> \u2013 <a href=\"https:\/\/docs.google.com\/forms\/d\/e\/1FAIpQLSd_J-Zw2Izvi2sjfucFm8h6tsBDR64MM1RQhwHifLW4DQ7umg\/viewform?usp=dialog\">formular<\/a><br>\ud83d\udd39 <strong>Limba englez\u0103 (clasele VI\u2013XI)<\/strong> \u2013 <a href=\"https:\/\/docs.google.com\/forms\/d\/e\/1FAIpQLSedCJD2O8Ikhw5JpOrWL67gna_51gxKEdMKKBfExn6gos_Y-w\/viewform?usp=dialog\">formular<\/a><br>\ud83d\udd39 <strong>Fizic\u0103 (clasele VI\u2013XI)<\/strong> \u2013 <a href=\"https:\/\/docs.google.com\/forms\/d\/e\/1FAIpQLSckuH0JmRs38jN-I5THw5V4JwmcHekGxf8ITkx-D4-8h0fE-w\/viewform?usp=dialog\">formular<\/a><br>\ud83d\udd39 <em>Un elev se poate \u00eenscrie la concurs la o singur\u0103 disciplin\u0103.<\/em><\/td><td><strong>30.04 \u2013 05.05.2025<\/strong><\/td><\/tr><tr><td><strong>3.<\/strong><\/td><td>\u00censcrierile de la punctul 2 se valideaz\u0103 de c\u0103tre inspectorii \u0219colari prin verificarea rezultatelor ob\u021binute la etapa jude\u021bean\u0103 a olimpiadei<\/td><td><strong>06.05.2025<\/strong><\/td><\/tr><tr><td><strong>4.<\/strong><\/td><td>Afi\u0219area programului din ziua competi\u021biei<\/td><td><strong>06.05.2025<\/strong><\/td><\/tr><tr><td><strong>5.<\/strong><\/td><td>Afi\u0219area reparti\u021biei pe s\u0103li pe site-ul CJEx Bihor<\/td><td><strong>09.05.2025<\/strong><\/td><\/tr><tr><td><strong>6.<\/strong><\/td><td><strong>Desf\u0103\u0219urarea concursului<\/strong> \u2013 Colegiul Na\u021bional \u201eEmanuil Gojdu\u201d, Oradea<\/td><td><strong>10.05.2025<\/strong><\/td><\/tr><\/tbody><\/table><\/figure>\n\n\n\n<p class=\"has-medium-font-size\"><\/p>\n\n\n\n<hr class=\"wp-block-separator has-alpha-channel-opacity\"\/>\n\n\n\n<h2 class=\"wp-block-heading has-vivid-red-color has-text-color\">Concurs \u201dViorel Sadoveanu\u201d -2024<\/h2>\n\n\n\n<hr class=\"wp-block-separator has-alpha-channel-opacity\"\/>\n\n\n\n<h2 class=\"wp-block-heading\"><strong>Rezultate finale<\/strong>:<\/h2>\n\n\n\n<h3 class=\"wp-block-heading\"><a href=\"http:\/\/cexbh.ro\/wp-content\/uploads\/2024\/06\/finale_fizica.pdf\" data-type=\"URL\" data-id=\"http:\/\/cexbh.ro\/wp-content\/uploads\/2024\/06\/finale_fizica.pdf\"><strong>Fizic\u0103<\/strong><\/a><\/h3>\n\n\n\n<h3 class=\"wp-block-heading\"><a href=\"http:\/\/cexbh.ro\/wp-content\/uploads\/2024\/06\/finale_geografie.pdf\"><strong>Geografie<\/strong><\/a><\/h3>\n\n\n\n<h3 class=\"wp-block-heading\"><a href=\"http:\/\/cexbh.ro\/wp-content\/uploads\/2024\/06\/CEX_NOU-BUN-2.pdf\" data-type=\"URL\" data-id=\"http:\/\/cexbh.ro\/wp-content\/uploads\/2024\/06\/CEX_NOU-BUN-2.pdf\"><strong>Clasa a IV-a matematic\u0103<\/strong><\/a><\/h3>\n\n\n\n<h3 class=\"wp-block-heading\"><a href=\"http:\/\/cexbh.ro\/wp-content\/uploads\/2024\/06\/finale_matematica.pdf\" data-type=\"URL\" data-id=\"http:\/\/cexbh.ro\/wp-content\/uploads\/2024\/06\/finale_matematica.pdf\"><strong>Matematic\u0103 &#8211; clasele 5-12<\/strong><\/a><\/h3>\n\n\n\n<h3 class=\"wp-block-heading\"><a href=\"http:\/\/cexbh.ro\/wp-content\/uploads\/2024\/06\/finale_chimie.pdf\" data-type=\"URL\" data-id=\"http:\/\/cexbh.ro\/wp-content\/uploads\/2024\/06\/finale_chimie.pdf\"><strong>Chimie<\/strong><\/a><\/h3>\n\n\n\n<h3 class=\"wp-block-heading\"><a href=\"http:\/\/cexbh.ro\/wp-content\/uploads\/2024\/06\/finale_biologie.pdf\" data-type=\"URL\" data-id=\"http:\/\/cexbh.ro\/wp-content\/uploads\/2024\/06\/finale_biologie.pdf\"><strong>Biologie<\/strong><\/a><\/h3>\n\n\n\n<hr class=\"wp-block-separator has-alpha-channel-opacity\"\/>\n\n\n\n<p class=\"has-medium-font-size\"><strong>Afi\u0219area rezultatelor<\/strong><\/p>\n\n\n\n<pre class=\"wp-block-code has-vivid-cyan-blue-color has-text-color has-medium-font-size\"><code><strong>La fiecare sec\u021biune se acord\u0103:\n            - 1 premiu I *\n            - 1 premiu II *\n            - 1 premiu III *\n            - 25% men\u021biuni din nr. de elevi participan\u021bi prezen\u021bi. *\n\n *cu condi\u021bia ob\u021binerii unui punctaj de minim 30% din total.<\/strong>\n\nContesta\u021biile se depun la Colegiul Na\u021bional \u201dEmanuil Gojdu\u201d, \u00een intervalul orar 14:30-15:00 la etajul I, Camera 116.<\/code><\/pre>\n\n\n\n<h3 class=\"wp-block-heading has-vivid-cyan-blue-color has-text-color\"><a href=\"http:\/\/cexbh.ro\/wp-content\/uploads\/2024\/06\/program.pdf\" data-type=\"URL\" data-id=\"http:\/\/cexbh.ro\/wp-content\/uploads\/2024\/06\/program.pdf\"><strong>Program<\/strong><\/a><\/h3>\n\n\n\n<hr class=\"wp-block-separator has-alpha-channel-opacity\"\/>\n\n\n\n<h2 class=\"wp-block-heading\">Subiecte:<\/h2>\n\n\n\n<h3 class=\"wp-block-heading has-vivid-cyan-blue-color has-text-color\"><a href=\"http:\/\/cexbh.ro\/wp-content\/uploads\/2024\/06\/V_Sadoveanu_matematica_2024.pdf\" data-type=\"URL\"><strong>Subiecte matematic\u0103<\/strong><\/a><\/h3>\n\n\n\n<h3 class=\"wp-block-heading\"><a href=\"http:\/\/cexbh.ro\/wp-content\/uploads\/2024\/06\/subiecte-informatica.pdf\" data-type=\"URL\" data-id=\"http:\/\/cexbh.ro\/wp-content\/uploads\/2024\/06\/subiecte-informatica.pdf\"><strong>Subiecte informatic\u0103<\/strong><\/a><\/h3>\n\n\n\n<h3 class=\"wp-block-heading\"><strong><a href=\"http:\/\/cexbh.ro\/wp-content\/uploads\/2024\/06\/V_Sadoveanu_fizica_2024.pdf\" data-type=\"URL\" data-id=\"http:\/\/cexbh.ro\/wp-content\/uploads\/2024\/06\/V_Sadoveanu_fizica_2024.pdf\">Subiecte fizic\u0103<\/a><\/strong><\/h3>\n\n\n\n<h3 class=\"wp-block-heading\"><strong><a href=\"http:\/\/cexbh.ro\/wp-content\/uploads\/2024\/06\/V_Sadoveanu_chimie_2024.pdf\" data-type=\"URL\" data-id=\"http:\/\/cexbh.ro\/wp-content\/uploads\/2024\/06\/V_Sadoveanu_chimie_2024.pdf\">Subiecte chimie<\/a><\/strong><\/h3>\n\n\n\n<h3 class=\"wp-block-heading\"><strong><a href=\"http:\/\/cexbh.ro\/wp-content\/uploads\/2024\/06\/V_Sadoveanu_biologie_2024.pdf\" data-type=\"URL\" data-id=\"http:\/\/cexbh.ro\/wp-content\/uploads\/2024\/06\/V_Sadoveanu_biologie_2024.pdf\">Subiecte biologie<\/a><\/strong><\/h3>\n\n\n\n<h3 class=\"wp-block-heading\"><strong><a href=\"http:\/\/cexbh.ro\/wp-content\/uploads\/2024\/06\/V_Sadoveanu_geografie_2024.pdf\" data-type=\"URL\" data-id=\"http:\/\/cexbh.ro\/wp-content\/uploads\/2024\/06\/V_Sadoveanu_geografie_2024.pdf\">Subiecte geografie<\/a><\/strong><\/h3>\n\n\n\n<hr class=\"wp-block-separator has-alpha-channel-opacity\"\/>\n\n\n\n<h1 class=\"wp-block-heading\">Concurs &#8220;Viorel Sadoveanu&#8221; -2023<\/h1>\n\n\n\n<hr class=\"wp-block-separator has-alpha-channel-opacity\"\/>\n\n\n\n<h2 class=\"wp-block-heading\">Subiecte<\/h2>\n\n\n\n<p><a href=\"http:\/\/cexbh.ro\/wp-content\/uploads\/2023\/05\/matematica_S_B_20_05_2023.pdf\" data-type=\"URL\" data-id=\"http:\/\/cexbh.ro\/wp-content\/uploads\/2023\/05\/matematica_S_B_20_05_2023.pdf\"><strong>-Matematic\u0103<\/strong><\/a><\/p>\n\n\n\n<p><strong>&#8211;<a href=\"http:\/\/cexbh.ro\/wp-content\/uploads\/2023\/05\/sub_info.pdf\" data-type=\"URL\" data-id=\"http:\/\/cexbh.ro\/wp-content\/uploads\/2023\/05\/sub_info.pdf\">Informatic\u0103<\/a><\/strong><\/p>\n\n\n\n<p><a href=\"http:\/\/cexbh.ro\/wp-content\/uploads\/2023\/05\/biologie.pdf\" data-type=\"URL\" data-id=\"http:\/\/cexbh.ro\/wp-content\/uploads\/2023\/05\/biologie.pdf\"><strong>-Biologie<\/strong><\/a><\/p>\n\n\n\n<p><a href=\"http:\/\/cexbh.ro\/wp-content\/uploads\/2023\/05\/chimie.pdf\" data-type=\"URL\" data-id=\"http:\/\/cexbh.ro\/wp-content\/uploads\/2023\/05\/chimie.pdf\"><strong>-Chimie<\/strong><\/a><\/p>\n\n\n\n<p><a href=\"http:\/\/cexbh.ro\/wp-content\/uploads\/2023\/05\/fizica.pdf\" data-type=\"URL\" data-id=\"http:\/\/cexbh.ro\/wp-content\/uploads\/2023\/05\/fizica.pdf\"><strong>-Fizic\u0103<\/strong><\/a><\/p>\n\n\n\n<p><strong>&#8211;<a href=\"http:\/\/cexbh.ro\/wp-content\/uploads\/2023\/05\/geografie.pdf\" data-type=\"URL\" data-id=\"http:\/\/cexbh.ro\/wp-content\/uploads\/2023\/05\/geografie.pdf\">Geografie<\/a><\/strong><\/p>\n\n\n\n<p><\/p>\n","protected":false},"excerpt":{"rendered":"<p>Concursul Jude\u021bean \u201dViorel Sadoveanu\u201d &#8211; edi\u021bia a IV- 2025 Afi\u0219area rezultatelor Rezultate finale Limba englez\u0103 Matematic\u0103-clasa a IV-a Matematic\u0103 Informatic\u0103- liceu Informatic\u0103 &#8211; gimnaziu Chimie Biologie Geografie Fizic\u0103 Rezultate ini\u021biale Matematic\u0103-clasa a IV-a Matematic\u0103 Chimie Geografie Biologie Informatic\u0103- liceu Informatic\u0103 &#8211; gimnaziu Fizic\u0103 Limba englez\u0103 Subiecte si bareme 10.05.2025 Biologie 2025 Chimie 2025 Fizica 2025&#8230;<\/p>\n<p class=\"more-link\"><a href=\"https:\/\/cexbh.ro\/?page_id=1136\"><span>Read More<\/span><i>&#43;<\/i><\/a><\/p>\n","protected":false},"author":1,"featured_media":0,"parent":0,"menu_order":0,"comment_status":"closed","ping_status":"closed","template":"","meta":{"footnotes":""},"class_list":["post-1136","page","type-page","status-publish","hentry"],"_links":{"self":[{"href":"https:\/\/cexbh.ro\/index.php?rest_route=\/wp\/v2\/pages\/1136"}],"collection":[{"href":"https:\/\/cexbh.ro\/index.php?rest_route=\/wp\/v2\/pages"}],"about":[{"href":"https:\/\/cexbh.ro\/index.php?rest_route=\/wp\/v2\/types\/page"}],"author":[{"embeddable":true,"href":"https:\/\/cexbh.ro\/index.php?rest_route=\/wp\/v2\/users\/1"}],"replies":[{"embeddable":true,"href":"https:\/\/cexbh.ro\/index.php?rest_route=%2Fwp%2Fv2%2Fcomments&post=1136"}],"version-history":[{"count":108,"href":"https:\/\/cexbh.ro\/index.php?rest_route=\/wp\/v2\/pages\/1136\/revisions"}],"predecessor-version":[{"id":2174,"href":"https:\/\/cexbh.ro\/index.php?rest_route=\/wp\/v2\/pages\/1136\/revisions\/2174"}],"wp:attachment":[{"href":"https:\/\/cexbh.ro\/index.php?rest_route=%2Fwp%2Fv2%2Fmedia&parent=1136"}],"curies":[{"name":"wp","href":"https:\/\/api.w.org\/{rel}","templated":true}]}}